t common divisor of 148246 and 1596.
14
Calculate the highest common divisor of 6 and 46832154.
6
Calculate the highest common divisor of 289926703 and 451.
451
Calculate the greatest common factor of 77376 and 2837523.
1209
What is the greatest common factor of 1977 and 1104?
3
Calculate the highest common divisor of 12861342 and 8424.
2106
Calculate the highest common divisor of 8284 and 2831.
19
Calculate the greatest common divisor of 160828 and 232.
4
Calculate the highest common factor of 39 and 14260363.
13
Calculate the highest common factor of 224 and 629601840.
112
What is the greatest common divisor of 101213981 and 2849?
407
What is the highest common divisor of 1961412 and 72?
12
What is the highest common divisor of 459 and 552449?
17
Calculate the highest common factor of 8201669 and 147.
49
Calculate the greatest common divisor of 2284 and 6101706.
1142
What is the greatest common factor of 805388 and 20698?
262
What is the greatest common factor of 1020 and 177473540?
340
Calculate the highest common divisor of 4827688 and 35960.
232
Calculate the greatest common factor of 1698946 and 434741.
1819
What is the greatest common factor of 13713 and 1995568?
653
Calculate the highest common divisor of 22 and 53527166.
22
Calculate the highest common divisor of 63311495 and 13195.
1885
Calculate the greatest common factor of 761024 and 150447.
517
Calculate the greatest common factor of 126025 and 21686382.
5041
Calculate the greatest common factor of 35400 and 11400.
600
What is the greatest common factor of 67639 and 8107?
121
What is the highest common factor of 21516 and 191113914?
978
What is the greatest common factor of 54587 and 44660564?
4199
What is the highest common factor of 8576 and 613248?
128
What is the highest common divisor of 253 and 1371398?
23
What is the highest common divisor of 1496 and 3780579?
187
Calculate the highest common factor of 131440557 and 261.
87
Calculate the highest common divisor of 389 and 609186448.
389
What is the greatest common factor of 45509 and 13294?
17
What is the greatest common divisor of 73465872 and 96?
48
Calculate the greatest common divisor of 15634 and 88.
2
Calculate the highest common divisor of 606751 and 92137.
199
What is the greatest common factor of 1505 and 33465460?
35
Calculate the highest common factor of 941018 and 102.
34
What is the greatest common factor of 171375 and 115500?
375
What is the greatest common factor of 10534 and 30686?
458
Calculate the highest common divisor of 1161591 and 6.
3
Calculate the highest common divisor of 332672 and 6399416.
904
Calculate the highest common divisor of 102095 and 210.
35
Calculate the greatest common factor of 1423014 and 1311978.
2922
Calculate the highest common divisor of 295446 and 26208222.
7206
What is the highest common factor of 381632 and 182240?
2144
What is the highest common factor of 29810744 and 17604?
652
Calculate the greatest common divisor of 498 and 52595274.
498
Calculate the highest common factor of 1011080 and 32.
8
What is the highest common divisor of 300 and 180014700?
300
Calculate the highest common factor of 125807 and 594.
11
Calculate the greatest common divisor of 2690 and 17089570.
2690
Calculate the greatest common factor of 2249688 and 419048.
392
Calculate the greatest common divisor of 8992 and 1473283.
281
What is the greatest common factor of 38513697 and 4137?
591
What is the highest common factor of 3944001 and 9177?
57
What is the highest common divisor of 25489640 and 11880?
440
What is the greatest common divisor of 121507988 and 4508?
644
Calculate the greatest common divisor of 250677 and 108782919.
10899
What is the greatest common divisor of 15112150 and 2300?
1150
What is the highest common divisor of 25174 and 18747262?
614
What is the highest common divisor of 249886250 and 1875?
625
Calculate the highest common divisor of 1784064 and 12972.
276
Calculate the highest common factor of 1790546 and 66043.
211
What is the greatest common factor of 708736 and 10669799?
5537
What is the greatest common factor of 5019792 and 444?
12
What is the greatest common divisor of 905670 and 17110?
290
Calculate the greatest common divisor of 60090690 and 135.
15
Calculate the greatest common factor of 16244692 and 164.
164
What is the highest common divisor of 104 and 3036332?
52
Calculate the highest common factor of 14814 and 26986170.
4938
Calculate the highest common factor of 26906551 and 50617.
7231
What is the greatest common divisor of 1811712 and 6720?
1344
What is the greatest common factor of 270864 and 2483568?
432
Calculate the highest common divisor of 6844732 and 473916.
2164
Calculate the greatest common divisor of 21624 and 251464.
136
What is the greatest common factor of 456 and 79174596?
228
Calculate the highest common factor of 227895 and 73830.
15
What is the highest common factor of 2886 and 2180334?
78
Calculate the greatest common divisor of 13437586 and 430.
86
Calculate the greatest common factor of 330180 and 65540.
20
Calculate the highest common divisor of 8759205 and 11960.
1495
Calculate the highest common divisor of 44421 and 974049.
51
What is the highest common divisor of 210752577 and 3251?
3251
What is the highest common divisor of 240083 and 3236131?
587
What is the highest common factor of 800 and 5982800?
400
What is the greatest common divisor of 30559 and 1128?
1
Calculate the greatest common divisor of 1358 and 3073.
7
What is the greatest common divisor of 3 and 15147813?
3
What is the greatest common factor of 2192850 and 7623000?
4950
Calculate the highest common factor of 64593 and 852.
3
What is the greatest common divisor of 7426470 and 44321?
1081
Calculate the greatest common factor of 264 and 291632316.
12
What is the greatest common factor of 696 and 210801232?
232
What is the greatest common divisor of 10967 and 2245244?
997
What is the greatest common divisor of 95115 and 1037?
17
Calculate the greatest common divisor of 126 and 150739659.
63
Calculate the highest common factor of 17613 and 1800801.
171
Calculate the highest common factor of 642 and 7215852.
6
What is the greatest common divisor of 891 and 188144?
11
What is the greatest common divisor of 167128 and 285896?
104
Calculate the highest common divisor of 19405 and 283130593.
3881
What is the greatest common factor of 40820733 and 81?
27
Calculate the greatest common factor of 2161665 and 6931485.
5445
Calculate the highest common factor of 28925 and 185835.
65
Calculate the greatest common divisor of 751831730 and 10.
10
What is the greatest common divisor of 7387 and 28801?
83
Calculate the greatest common factor of 26269908 and 14.
14
What is the highest common divisor of 14329756 and 8428?
196
Calculate the highest common divisor of 12175736 and 256.
8
Calculate the highest common divisor of 1591573 and 38.
19
Calculate the highest common factor of 296063 and 488802.
1987
What is the greatest common factor of 48551739 and 69717?
4101
Calculate the greatest common factor of 415030 and 7689913.
5929
What is the highest common divisor of 878161284 and 540?
108
Calculate the highest common factor of 3213 and 1028211.
51
Calculate the highest common divisor of 4095 and 40846624.
91
Calculate the greatest common divisor of 34 and 42185942.
34
What is the highest common factor of 40 and 18495110?
10
What is the highest common divisor of 620480 and 3840328?
2216
Calculate the greatest common factor of 93772260 and 3870.
90
Calculate the highest common divisor of 105 and 2779287.
21
What is the highest common factor of 31775664 and 96?
48
Calculate the highest common factor of 183103 and 44954.
19
Calculate the highest common factor of 344 and 4585864.
344
What is the greatest common divisor of 69 and 14052793?
23
Calculate the greatest common divisor of 19836 and 26411292.
684
What is the greatest common divisor of 345838 and 48374?
722
What is the greatest common divisor of 80 and 1807864?
8
Calculate the highest common factor of 12 and 20107734.
6
Calculate the greatest common divisor of 1842 and 218813636.
614
What is the greatest common divisor of 130235965 and 707?
101
What is the greatest common divisor of 59 and 1419239?
1
What is the greatest common factor o